924 and 4508.
644
What is the greatest common factor of 23080 and 9640?
40
Calculate the greatest common divisor of 172 and 588197.
43
Calculate the greatest common divisor of 211 and 859403.
211
Calculate the highest common divisor of 400 and 54030.
10
What is the greatest common divisor of 116 and 1260340?
116
Calculate the highest common divisor of 713 and 2542.
31
What is the greatest common divisor of 182 and 94731?
91
Calculate the highest common factor of 1545 and 16.
1
What is the greatest common divisor of 8921490 and 186?
186
What is the greatest common factor of 1674 and 50313?
93
Calculate the greatest common factor of 531 and 549762.
177
Calculate the highest common factor of 5 and 34015.
5
What is the highest common divisor of 4602880 and 1024?
1024
What is the highest common factor of 73271 and 44?
11
What is the greatest common divisor of 56666 and 158?
2
Calculate the highest common divisor of 26058 and 3838.
202
Calculate the highest common factor of 270530 and 52.
26
Calculate the greatest common divisor of 836 and 5258.
22
Calculate the highest common divisor of 408 and 5127.
3
Calculate the highest common factor of 4680 and 413244.
468
What is the greatest common factor of 40 and 17060?
20
What is the highest common divisor of 21027 and 182886?
489
What is the highest common divisor of 3652 and 56?
4
What is the highest common divisor of 5180 and 10?
10
What is the highest common divisor of 357 and 405246?
51
Calculate the greatest common divisor of 48 and 3213488.
16
Calculate the highest common divisor of 1655838 and 2010.
402
What is the highest common factor of 17295 and 480?
15
Calculate the greatest common divisor of 288850 and 318.
106
Calculate the greatest common divisor of 916676 and 202.
202
What is the greatest common factor of 400833 and 9?
9
What is the highest common divisor of 88668 and 126?
18
What is the highest common factor of 5572 and 448?
28
What is the greatest common divisor of 21370 and 8?
2
What is the highest common divisor of 1116 and 1860?
372
Calculate the greatest common factor of 126 and 16938.
18
What is the highest common factor of 51 and 105519?
51
Calculate the highest common factor of 418 and 13414.
38
Calculate the highest common divisor of 164 and 46084.
164
What is the highest common factor of 636055 and 805?
35
Calculate the greatest common factor of 2526 and 78.
6
What is the greatest common divisor of 448 and 78736?
112
Calculate the greatest common factor of 261 and 14598.
9
What is the highest common divisor of 264457 and 746?
373
What is the highest common divisor of 305214 and 42?
42
Calculate the highest common factor of 768 and 7248.
48
What is the highest common factor of 17216 and 269?
269
What is the highest common divisor of 32207 and 6020?
301
What is the highest common factor of 23970 and 120?
30
What is the greatest common divisor of 817054 and 1666?
238
What is the greatest common factor of 15726 and 6?
6
What is the greatest common factor of 265954 and 53?
53
What is the highest common divisor of 3160 and 457?
1
Calculate the greatest common factor of 63744 and 1194.
6
What is the greatest common divisor of 93 and 3813217?
31
What is the highest common factor of 3584 and 70?
14
What is the highest common factor of 7915542 and 246?
246
What is the highest common divisor of 31500 and 449250?
750
Calculate the greatest common factor of 13082 and 9284.
422
Calculate the highest common divisor of 6463 and 3197.
23
Calculate the greatest common divisor of 5609 and 1343.
79
What is the highest common factor of 20 and 7390?
10
Calculate the greatest common divisor of 279098 and 6254.
106
Calculate the highest common divisor of 1725 and 270.
15
What is the greatest common divisor of 1545 and 2985?
15
What is the greatest common divisor of 139092 and 4221?
201
Calculate the highest common divisor of 113293 and 1385.
277
What is the highest common divisor of 72539 and 90611?
251
Calculate the highest common divisor of 2596 and 891077.
649
What is the highest common divisor of 296 and 163762?
74
What is the greatest common factor of 5334 and 147?
21
What is the greatest common factor of 2430816 and 72?
24
Calculate the greatest common divisor of 58494 and 6.
6
Calculate the highest common factor of 13 and 211445.
13
What is the highest common divisor of 117 and 1075425?
39
Calculate the highest common divisor of 1092 and 12831.
273
Calculate the highest common factor of 13437 and 396.
9
What is the highest common factor of 61805 and 141?
47
What is the greatest common divisor of 1038 and 5502?
6
Calculate the greatest common divisor of 1734 and 495057.
867
Calculate the highest common divisor of 1441 and 451.
11
What is the greatest common factor of 38342 and 722?
38
Calculate the highest common factor of 5522 and 264.
22
What is the greatest common factor of 113469 and 654?
327
What is the highest common divisor of 4232 and 17?
1
What is the greatest common factor of 39984 and 147?
147
Calculate the highest common factor of 680 and 1870.
170
What is the highest common divisor of 12 and 12003?
3
What is the highest common divisor of 188 and 4936?
4
Calculate the greatest common divisor of 565 and 339.
113
What is the greatest common factor of 151716 and 19176?
564
What is the highest common divisor of 29374 and 114?
38
What is the highest common divisor of 7366 and 87?
29
Calculate the highest common divisor of 3054504 and 24.
24
Calculate the greatest common divisor of 526358 and 49.
49
What is the highest common factor of 7936 and 620?
124
What is the highest common factor of 180 and 1434660?
60
What is the greatest common factor of 25 and 210775?
25
What is the greatest common divisor of 18 and 12918?
6
What is the greatest common divisor of 4056 and 26702?
338
What is the greatest common divisor of 958 and 36?
2
What is the greatest common factor of 493387 and 2841?
947
What is the highest common divisor of 2502 and 450?
18
What is the greatest common factor of 5859 and 53382?
651
What is the greatest common factor of 20048 and 1936?
16
What is the greatest common factor of 708 and 47967?
177
What is the greatest common factor of 120795 and 465?
15
What is the greatest common divisor of 196521 and 260?
13
What is the greatest common divisor of 164754 and 27?
27
What is the greatest common divisor of 160 and 39360?
160
Calculate the greatest common factor of 46 and 64814.
46
What is the greatest common divisor of 355736 and 3816?
424
Calculate the highest common factor of 8907 and 195.
3
What is the greatest common divisor of 52 and 4005118?
26
What is the highest common factor of 10212 and 5451?
69
Calculate the highest common divisor of 14065 and 29.
29
What is the greatest common divisor of 26 and 245674?
26
What is the greatest common factor of 26 and 1746?
2
Calculate the greatest common factor of 10 and 41105.
5
Calculate the greatest common factor of 4845 and 9500.
95
Calculate the highest common divisor of 38 and 1125.
1
Calculate the highest common divisor of 36320 and 1440.
160
What is the greatest common divisor of 2176 and 701012?
68
Calculate the greatest common divisor of 1856023 and 26.
13
Calculate the highest common divisor of 198 and 328482.
198
What is the highest common factor of 5899 and 28107?
347
Calculate the highest common divisor of 315 and 18305.
35
What is the greatest common divisor of 80 and 6381632?
16
Calculate the greatest common divisor of 139 and 118567.
139
What is the greatest common divisor of 22556527 and 1337?
1337
Calculate the highest common factor of 60 and 490740.
60
What is the greatest common factor of 1336 and 600?
8
What is the greatest common divisor of 126600 and 15?
15
Calculate the greatest common divisor of 22935 and 435.
15
Calculate the highest common factor of 19068 and 126.
42
What is the greatest common divisor of 423694 and 574?
82
What is the greatest common factor of 6845 and 5846?
37
What is the greatest common factor of 2305065 and 210?
105
What is the highest common divisor of 596 and 360?
4
What is the highest common factor of 30 and 2269980?
30
What is the highest common divisor of 3555 and 155472?
237
What is the highest common divisor of 304 and 24833?
19
What is the greatest common factor of 2279143 an